[INFO] cloning repository https://github.com/rafreitaz/serverless-rust
[INFO] running `Command { std: "git" "-c" "credential.helper=" "-c" "credential.helper=/workspace/cargo-home/bin/git-credential-null" "clone" "--bare" "https://github.com/rafreitaz/serverless-rust" "/workspace/cache/git-repos/https%3A%2F%2Fgithub.com%2Frafreitaz%2Fserverless-rust", kill_on_drop: false }`
[INFO] [stderr] Cloning into bare repository '/workspace/cache/git-repos/https%3A%2F%2Fgithub.com%2Frafreitaz%2Fserverless-rust'...
[INFO] running `Command { std: "git" "rev-parse" "HEAD", kill_on_drop: false }`
[INFO] [stdout] 714c26243c87071adac6cdf9b4b6b4212f6e67d4
[INFO] checking rafreitaz/serverless-rust against master#af3c6e733a40e671550e0f0f5aeecaa13772ba56 for pr-74989
[INFO] running `Command { std: "git" "clone" "/workspace/cache/git-repos/https%3A%2F%2Fgithub.com%2Frafreitaz%2Fserverless-rust" "/workspace/builds/worker-6/source", kill_on_drop: false }`
[INFO] [stderr] Cloning into '/workspace/builds/worker-6/source'...
[INFO] [stderr] done.
[INFO] validating manifest of git repo https://github.com/rafreitaz/serverless-rust on toolchain af3c6e733a40e671550e0f0f5aeecaa13772ba56
[INFO] running `Command { std: "/workspace/cargo-home/bin/cargo" "+af3c6e733a40e671550e0f0f5aeecaa13772ba56" "read-manifest" "--manifest-path" "Cargo.toml", kill_on_drop: false }`
[INFO] started tweaking git repo https://github.com/rafreitaz/serverless-rust
[INFO] finished tweaking git repo https://github.com/rafreitaz/serverless-rust
[INFO] tweaked toml for git repo https://github.com/rafreitaz/serverless-rust written to /workspace/builds/worker-6/source/Cargo.toml
[INFO] crate git repo https://github.com/rafreitaz/serverless-rust already has a lockfile, it will not be regenerated
[INFO] running `Command { std: "/workspace/cargo-home/bin/cargo" "+af3c6e733a40e671550e0f0f5aeecaa13772ba56" "fetch" "--locked" "--manifest-path" "Cargo.toml", kill_on_drop: false }`
[INFO] [stderr]     Blocking waiting for file lock on package cache
[INFO] [stderr]     Blocking waiting for file lock on package cache
[INFO] running `Command { std: "docker" "create" "-v" "/var/lib/crater-agent-workspace/builds/worker-6/target:/opt/rustwide/target:rw,Z" "-v" "/var/lib/crater-agent-workspace/builds/worker-6/source:/opt/rustwide/workdir:ro,Z" "-v" "/var/lib/crater-agent-workspace/cargo-home:/opt/rustwide/cargo-home:ro,Z" "-v" "/var/lib/crater-agent-workspace/rustup-home:/opt/rustwide/rustup-home:ro,Z" "-e" "SOURCE_DIR=/opt/rustwide/workdir" "-e" "CARGO_TARGET_DIR=/opt/rustwide/target" "-e" "CARGO_HOME=/opt/rustwide/cargo-home" "-e" "RUSTUP_HOME=/opt/rustwide/rustup-home" "-w" "/opt/rustwide/workdir" "-m" "1610612736" "--user" "0:0" "--network" "none" "rustops/crates-build-env@sha256:d92eaeed33fa75130ca1ee6c8a01d1ffb62bac859dfdfb3450e3e5d1c0146529" "/opt/rustwide/cargo-home/bin/cargo" "+af3c6e733a40e671550e0f0f5aeecaa13772ba56" "metadata" "--no-deps" "--format-version=1", kill_on_drop: false }`
[INFO] [stdout] 86803d2d25b579a2b06a1dca0e1113a2ae8c429df3239c8ac5c9d12d2eca6162
[INFO] [stderr] WARNING: Your kernel does not support swap limit capabilities or the cgroup is not mounted. Memory limited without swap.
[INFO] running `Command { std: "docker" "start" "-a" "86803d2d25b579a2b06a1dca0e1113a2ae8c429df3239c8ac5c9d12d2eca6162", kill_on_drop: false }`
[INFO] running `Command { std: "docker" "inspect" "86803d2d25b579a2b06a1dca0e1113a2ae8c429df3239c8ac5c9d12d2eca6162", kill_on_drop: false }`
[INFO] running `Command { std: "docker" "rm" "-f" "86803d2d25b579a2b06a1dca0e1113a2ae8c429df3239c8ac5c9d12d2eca6162", kill_on_drop: false }`
[INFO] [stdout] 86803d2d25b579a2b06a1dca0e1113a2ae8c429df3239c8ac5c9d12d2eca6162
[INFO] running `Command { std: "docker" "create" "-v" "/var/lib/crater-agent-workspace/builds/worker-6/target:/opt/rustwide/target:rw,Z" "-v" "/var/lib/crater-agent-workspace/builds/worker-6/source:/opt/rustwide/workdir:ro,Z" "-v" "/var/lib/crater-agent-workspace/cargo-home:/opt/rustwide/cargo-home:ro,Z" "-v" "/var/lib/crater-agent-workspace/rustup-home:/opt/rustwide/rustup-home:ro,Z" "-e" "SOURCE_DIR=/opt/rustwide/workdir" "-e" "CARGO_TARGET_DIR=/opt/rustwide/target" "-e" "CARGO_INCREMENTAL=0" "-e" "RUST_BACKTRACE=full" "-e" "RUSTFLAGS=--cap-lints=forbid" "-e" "CARGO_HOME=/opt/rustwide/cargo-home" "-e" "RUSTUP_HOME=/opt/rustwide/rustup-home" "-w" "/opt/rustwide/workdir" "-m" "1610612736" "--user" "0:0" "--network" "none" "rustops/crates-build-env@sha256:d92eaeed33fa75130ca1ee6c8a01d1ffb62bac859dfdfb3450e3e5d1c0146529" "/opt/rustwide/cargo-home/bin/cargo" "+af3c6e733a40e671550e0f0f5aeecaa13772ba56" "check" "--frozen" "--all" "--all-targets" "--message-format=json", kill_on_drop: false }`
[INFO] [stderr] WARNING: Your kernel does not support swap limit capabilities or the cgroup is not mounted. Memory limited without swap.
[INFO] [stdout] 5def7c6d176d028e10f88fafd5cf163bfaa4086d5c27d59c68bea628364668e9
[INFO] running `Command { std: "docker" "start" "-a" "5def7c6d176d028e10f88fafd5cf163bfaa4086d5c27d59c68bea628364668e9", kill_on_drop: false }`
[INFO] [stderr]     Checking cfg-if v0.1.10
[INFO] [stderr]    Compiling semver-parser v0.7.0
[INFO] [stderr]     Checking slab v0.4.2
[INFO] [stderr]     Checking fnv v1.0.6
[INFO] [stderr]    Compiling proc-macro2 v0.4.30
[INFO] [stderr]    Compiling unicode-xid v0.1.0
[INFO] [stderr]    Compiling syn v0.15.44
[INFO] [stderr]     Checking rustc-demangle v0.1.16
[INFO] [stderr]    Compiling httparse v1.3.4
[INFO] [stderr]     Checking try-lock v0.2.2
[INFO] [stderr]    Compiling byteorder v1.3.4
[INFO] [stderr]    Compiling crossbeam-epoch v0.8.2
[INFO] [stderr]    Compiling maybe-uninit v2.0.0
[INFO] [stderr]    Compiling backtrace-sys v0.1.33
[INFO] [stderr]     Checking futures-cpupool v0.1.8
[INFO] [stderr]     Checking colored v1.9.3
[INFO] [stderr]     Checking serde_json v1.0.48
[INFO] [stderr]    Compiling syn v1.0.16
[INFO] [stderr]     Checking log v0.4.8
[INFO] [stderr]     Checking crossbeam-utils v0.7.2
[INFO] [stderr]     Checking net2 v0.2.33
[INFO] [stderr]     Checking smallvec v0.6.13
[INFO] [stderr]     Checking tokio-sync v0.1.8
[INFO] [stderr]    Compiling semver v0.9.0
[INFO] [stderr]     Checking want v0.2.0
[INFO] [stderr]     Checking simple_logger v1.6.0
[INFO] [stderr]     Checking bytes v0.4.12
[INFO] [stderr]     Checking mio v0.6.21
[INFO] [stderr]     Checking tokio-executor v0.1.10
[INFO] [stderr]     Checking crossbeam-queue v0.2.1
[INFO] [stderr]    Compiling rustc_version v0.2.3
[INFO] [stderr]     Checking tokio-current-thread v0.1.7
[INFO] [stderr]     Checking tokio-timer v0.2.13
[INFO] [stderr]     Checking tokio-io v0.1.13
[INFO] [stderr]     Checking http v0.1.21
[INFO] [stderr]     Checking string v0.2.1
[INFO] [stderr]     Checking tokio-buf v0.1.1
[INFO] [stderr]    Compiling parking_lot_core v0.6.2
[INFO] [stderr]    Compiling memoffset v0.5.3
[INFO] [stderr]    Compiling parking_lot v0.9.0
[INFO] [stderr]    Compiling hyper v0.12.35
[INFO] [stderr]    Compiling lambda_runtime_core v0.1.2
[INFO] [stderr]     Checking backtrace v0.3.45
[INFO] [stderr]    Compiling quote v0.6.13
[INFO] [stderr]     Checking mio-uds v0.6.7
[INFO] [stderr]     Checking tokio-codec v0.1.2
[INFO] [stderr]     Checking tokio-reactor v0.1.12
[INFO] [stderr]     Checking crossbeam-deque v0.7.3
[INFO] [stderr]     Checking tokio-udp v0.1.6
[INFO] [stderr]     Checking tokio-uds v0.2.6
[INFO] [stderr]     Checking tokio-tcp v0.1.4
[INFO] [stderr]     Checking tokio-threadpool v0.1.18
[INFO] [stderr]     Checking tokio-fs v0.1.7
[INFO] [stderr]     Checking tokio v0.1.22
[INFO] [stderr]     Checking h2 v0.1.26
[INFO] [stderr]     Checking http-body v0.1.0
[INFO] [stderr]    Compiling synstructure v0.12.3
[INFO] [stderr]    Compiling failure_derive v0.1.7
[INFO] [stderr]    Compiling serde_derive v1.0.104
[INFO] [stderr]    Compiling synstructure v0.10.2
[INFO] [stderr]    Compiling lambda_runtime_errors_derive v0.1.1
[INFO] [stderr]     Checking failure v0.1.7
[INFO] [stderr]     Checking lambda_runtime_errors v0.1.1
[INFO] [stderr]     Checking lambda_runtime_client v0.2.2
[INFO] [stderr]     Checking lambda_runtime v0.2.1
[INFO] [stderr]     Checking serverless-rust v0.1.0 (/opt/rustwide/workdir)
[INFO] [stdout] error[E0412]: cannot find type `string` in this scope
[INFO] [stdout]    --> src/lambda_api/model.rs:40:15
[INFO] [stdout]     |
[INFO] [stdout] 40  |       pub city: string,
[INFO] [stdout]     |                 ^^^^^^ help: a struct with a similar name exists (notice the capitalization): `String`
[INFO] [stdout] 
[INFO] [stdout] 
[INFO] [stdout] error[E0412]: cannot find type `string` in this scope
[INFO] [stdout]    --> src/lambda_api/model.rs:40:15
[INFO] [stdout]     |
[INFO] [stdout] 40  |       pub city: string,
[INFO] [stdout]     |                 ^^^^^^ help: a struct with a similar name exists (notice the capitalization): `String`
[INFO] [stdout] 
[INFO] [stdout] 
[INFO] [stdout] error[E0283]: type annotations needed
[INFO] [stdout]   --> src/lambda_api/model.rs:40:5
[INFO] [stdout]    |
[INFO] [stdout] 40 |     pub city: string,
[INFO] [stdout]    |     ^^^^^^^^^^^^^^^^ cannot infer type
[INFO] [stdout]    |
[INFO] [stdout]    = note: cannot satisfy `_: Default`
[INFO] [stdout]    = note: required by `std::default::Default::default`
[INFO] [stdout]    = note: this error originates in a derive macro (in Nightly builds, run with -Z macro-backtrace for more info)
[INFO] [stdout] 
[INFO] [stdout] 
[INFO] [stdout] error: aborting due to 2 previous errors
[INFO] [stdout] 
[INFO] [stdout] 
[INFO] [stdout] Some errors have detailed explanations: E0283, E0412.
[INFO] [stdout] 
[INFO] [stdout] For more information about an error, try `rustc --explain E0283`.
[INFO] [stdout] 
[INFO] [stderr] error: could not compile `serverless-rust`.
[INFO] [stderr] 
[INFO] [stderr] To learn more, run the command again with --verbose.
[INFO] [stderr] warning: build failed, waiting for other jobs to finish...
[INFO] [stdout] error[E0283]: type annotations needed
[INFO] [stdout]   --> src/lambda_api/model.rs:40:5
[INFO] [stdout]    |
[INFO] [stdout] 40 |     pub city: string,
[INFO] [stdout]    |     ^^^^^^^^^^^^^^^^ cannot infer type
[INFO] [stdout]    |
[INFO] [stdout]    = note: cannot satisfy `_: Default`
[INFO] [stdout]    = note: required by `std::default::Default::default`
[INFO] [stdout]    = note: this error originates in a derive macro (in Nightly builds, run with -Z macro-backtrace for more info)
[INFO] [stdout] 
[INFO] [stdout] 
[INFO] [stdout] error: aborting due to 2 previous errors
[INFO] [stdout] 
[INFO] [stdout] 
[INFO] [stdout] Some errors have detailed explanations: E0283, E0412.
[INFO] [stdout] 
[INFO] [stdout] For more information about an error, try `rustc --explain E0283`.
[INFO] [stdout] 
[INFO] [stderr] error: build failed
[INFO] running `Command { std: "docker" "inspect" "5def7c6d176d028e10f88fafd5cf163bfaa4086d5c27d59c68bea628364668e9", kill_on_drop: false }`
[INFO] running `Command { std: "docker" "rm" "-f" "5def7c6d176d028e10f88fafd5cf163bfaa4086d5c27d59c68bea628364668e9", kill_on_drop: false }`
[INFO] [stdout] 5def7c6d176d028e10f88fafd5cf163bfaa4086d5c27d59c68bea628364668e9
